base 3.
-111221110002
-1512626 (base 7) to base 6
-4221245
What is -67121 (base 13) in base 6?
-4001245
What is -121114232 (base 5) in base 4?
-2022120201
What is 112212131001 (base 4) in base 9?
12130110
Convert 506027 (base 8) to base 15.
346e0
Convert -20123132 (base 4) to base 11.
-23a38
What is 1041344330 (base 5) in base 15?
304945
What is -1218509 (base 11) in base 16?
-20578e
Convert 11907 (base 16) to base 11.
4a063
What is 21200121 (base 3) in base 7?
22225
-a930b (base 14) to base 8
-1437557
Convert 120200112 (base 3) to base 4.
2302223
Convert -2743115 (base 12) to base 3.
-112200101102222
Convert -131002120 (base 6) to base 15.
-35a6e0
What is 22540340 (base 6) in base 5?
134304010
Convert 5521566 (base 9) to base 13.
7cb4aa
-13510150 (base 6) to base 14
-bd998
20430331 (base 5) to base 14
46300
36272 (base 12) to base 8
216366
-298619 (base 14) to base 9
-2641477
Convert 1230311 (base 6) to base 15.
14941
2020213201 (base 4) to base 15
b0c0a
-2374b8 (base 13) to base 16
-ce2bb
What is -1125012 (base 6) in base 9?
-87638
Convert -114000222 (base 6) to base 7.
-24146216
1001400544 (base 6) to base 3
201002221221201
101111110100011010 (base 2) to base 5
22231431
2422421 (base 6) to base 16
1f26d
Convert 198765 (base 10) to base 14.
52617
Convert 3726a06 (base 12) to base 16.
a41426
What is 20275 (base 11) in base 2?
111001110100110
69308 (base 10) to base 9
115058
-5165220 (base 9) to base 5
-1201300240
What is -101001001100001100 (base 2) in base 7?
-1301612
Convert 64608b (base 12) to base 7.
16325051
What is 8cb15 (base 16) in base 5?
121420102
What is -11045 (base 10) in base 5?
-323140
What is -3111322302 (base 5) in base 10?
-6354702
-24143444 (base 5) to base 6
-4453030
-1110710 (base 11) to base 3
-10122222022021
Convert -8339b1 (base 14) to base 2.
-10000111001000011010111
What is 49b52a (base 13) in base 2?
110101111011101100101
What is 17646a6 (base 11) in base 9?
5561467
13615 (base 8) to base 4
1132031
-21432503 (base 8) to base 15
-60d48a
What is 102202121212 (base 3) in base 8?
704174
What is 44431231 (base 5) in base 8?
1370676
Convert 23d9861 (base 14) to base 15.
179abd6
101013220 (base 7) to base 4
112131000220
Convert 850756 (base 9) to base 4.
1323133113
-1200201121002 (base 3) to base 16
-dbbb4
-253370 (base 9) to base 3
-21210102100
302300041 (base 5) to base 4
10220001221
What is 35753 (base 12) in base 16?
118ef
-146831 (base 10) to base 16
-23d8f
-670734 (base 8) to base 4
-313013130
Convert -13021110013 (base 4) to base 13.
-5077a2
1204003 (base 9) to base 14
12dac2
-1b87f (base 16) to base 15
-2362c
221344203 (base 6) to base 7
45646563
Convert 1024354052 (base 6) to base 9.
22374105
Convert -5705880 (base 10) to base 11.
-3247a04
What is -2986 (base 10) in base 15?
-d41
What is 479629 (base 10) in base 6?
14140301
-3eb3d (base 15) to base 9
-336554
7407308 (base 10) to base 13
16c472c
What is 78aa (base 12) in base 6?
141534
341c97 (base 13) to base 15
19529c
What is -251251 (base 9) in base 10?
-151840
What is -1110220012002 (base 3) in base 8?
-2775566
What is 2b1809 (base 13) in base 7?
12004204
15a59 (base 13) to base 9
62600
What is 202300010 (base 4) in base 13?
4ca33
What is -1175284 (base 10) in base 14?
-22844c
2020355 (base 6) to base 8
273457
-245673 (base 9) to base 14
-3c1bd
692313 (base 11) to base 15
16b3c9
What is -13003112033 (base 4) in base 2?
-111000011010110001111
-565415 (base 7) to base 12
-4a0b8
-459a1 (base 12) to base 7
-535066
-443553343 (base 6) to base 7
-125130342
Convert 3832729 (base 11) to base 12.
228884a
Convert 143340034 (base 6) to base 14.
573822
Convert -1154265 (base 7) to base 14.
-3bcdc
13211233312 (base 4) to base 12
7bb49a
What is -24002 (base 14) in base 11?
-5aa78
Convert 11111010000101101 (base 2) to base 11.
88225
Convert -b5290 (base 14) to base 4.
-1222221032
-366736 (base 8) to base 5
-13021210
What is 33104305 (base 6) in base 5?
223113104
What is -121202200001 (base 3) in base 4?
-1100210023
Convert 9818006 (base 10) to base 7.
146310632
What is -abbc13 (base 13) in base 15?
-550eac
Convert -105146113 (base 7) to base 5.
-3113202244
What is 77a27 (base 13) in base 9?
360633
Convert 435829 (base 11) to base 8.
2516745
Convert -18162 (base 16) to base 12.
-49116
Convert 42262 (base 9) to base 10.
27920
-24153103 (base 6) to base 14
-15b6c7
What is -997bdd (base 16) in base 7?
-151332464
2997bba (base 13) to base 15
1271b65
What is -312252410 (base 6) in base 2?
-10100101110110101010110
What is 932a5 (base 11) in base 4?
201032313
Convert 140cb3 (base 14) to base 8.
2513355
Convert -7d6129 (base 14) to base 15.
-598618
Convert -36504560 (base 7) to base 15.
-4468b2
Convert -123111310 (base 4) to base 13.
-3bc86
What is 332120344 (base 5) in base 12?
596586
Convert -15314 (base 6) to base 2.
-100110111110
Convert 8bab10 (base 15) to base 9.
13482836
What is -7a6821 (base 13) in base 7?
-33433354
Convert -1130213021 (base 4) to base 8.
-1344711
1243442 (base 8) to base 11
216966
-31156666 (base 8) to base 9
-13384632
What is -120111110130 (base 4) in base 16?
-61551c
3a451a (base 13) to base 9
2576876
4b975 (base 15) to base 8
730140
Convert -295bc3 (base 13) to base 15.
-150093
Convert 1010001101001011101 (base 2) to base 15.
69154
What is 1027127 (base 9) in base 3?
1000221010221
-3120831 (base 12) to base 16
-8d22a5
-624937 (base 10) to base 8
-2304451
678a9 (base 11) to base 7
556305
Convert -633770 (base 9) to base 7.
-3126345
What is 23a5666 (base 12) in base 5?
3233413111
88028 (base 9) to base 10
58346
-30130200 (base 6) to base 3
-1121021002200
What is -3590b7c (base 13) in base 15?
-16cc488
11000001111001001010001 (base 2) to base 6
344102145
What is -147a4 (base 14) in base 15?
-1013d
Convert -38a2951 (base 13) to base 16.
-10eba1a
Convert 49b276 (base 14) to base 9.
4672337
-3303332420 (base 5) to base 8
-33027107
112000002111 (base 3) to base 14
7263b
11100010100000100110000 (base 2) to base 9
14862371
What is -14a5b (base 12) in base 14?
-a8ab
Convert -404715 (base 8) to base 7.
-1064310
Convert -404276 (base 11) to base 4.
-2132221331
-154160 (base 9) to base 15
-1d1c0
105170 (base 12) to base 7
2122212
-22caa1 (base 14) to base 6
-41241421
27842 (base 12) to base 14
15d62
Convert 591100 (base 11) to base 13.
26b216
Convert -3100102304 (base 5) to base 15.
-837d1e
4284919 (base 10) to base 8
20260767
-db7882 (base 14) to base 16
-7173aa
What is 5520878 (base 9) in base 12?
bb072b
-707a437 (base 11) to base 5
-11201022443
-1011100020121 (base 3) to base 13
-187a4a
-4824241 (base 9) to base 8
-11762171
What is -77877 (base 9) in base 13?
-1a728
Convert -1484908 (base 14) to base 6.
-554204300
Convert -160513 (base 9) to base 13.
-35ca6
-943d4 (base 14) to base 12
-152a72
Convert -148787 (base 9) to base 14.
-25631
What is -227801 (base 14) in base 16?
-11e709
Convert -11111100001100011101 (base 2) to base 4.
-3330030131
Convert 220210222021 (base 3) to base 2.
1110111001111011010
Convert -34627 (base 13) to base 3.
-11212000201
Convert 17123c6 (base 15) to base 14.
2325714
Convert -21112011011110 (base 3) to base 11.
-22912a9
-1a78b1 (base 15) to base 4
-10323033100
What is 201212122020 (base 3) in base 16?
5f829
1637636 (base 8) to base 11
2a49a3
Convert 10111101001010111111 (base 2) to base 15.
1048b7
What is 471466 (base 8) in base 4?
213030312
-42966 (base 13) to base 2
-11101010110110011
1005a44 (base 11) to base 4
12302130102
-15dea (base 15) to base 5
-4230040
What is aa513a (base 12) in base 7?
31662604
-1442432 (base 11) to base 6
-125033542
102010000 (base 3) to base 13
38c1
What is 5a1243 (base 11) in base 12?
39b805
-874c04 (base 16) to base 2
-100001110100110000000100
What is 201336 (base 7) in base 2?
1000010101010011
What is -521036 (base 8) in base 11?
-108726
What is 6a22bc (base 16) in base 9?
14071384
646640 (base 7) to base 2
11011100010111010
Convert 75c65 (base 13) to base 8.
640037
What is 2618762 (base 9) in base 15?
1d3b62
Convert 1588aa (base 13) to base 15.
a7e96
Convert -10111010011101110100 (base 2) to base 7.
-6330501
Convert -3a24a (base 15) to base 13.
-6695b
What is 1322300143 (base 6) in base 8?
74175737
What is -2640466 (base 7) in base 9?
-576541
What is 3aa71a3 (base 12) in base 2?
101100100000001001001